{"id":750,"date":"2022-12-06T19:23:06","date_gmt":"2022-12-06T19:23:06","guid":{"rendered":"http:\/\/winzerkapelle-ensch.de\/?page_id=750"},"modified":"2025-06-13T07:09:29","modified_gmt":"2025-06-13T07:09:29","slug":"dirigent","status":"publish","type":"page","link":"https:\/\/winzerkapelle-ensch.de\/?page_id=750","title":{"rendered":"Dirigent"},"content":{"rendered":"\n<p>2025 &#8211; heute<\/p>\n\n\n\n<p class=\"has-black-color has-text-color has-link-color has-medium-font-size wp-elements-d79d44418226c9268957965c97e4cb7c\">Andreas M\u00fcller<\/p>\n\n\n\n<p>Andreas M\u00fcller ist 1982 in Trier geboren und wohnt im Nachbarort Bekond. Mit 9 Jahren begann er mit der Ausbildung an der Posaune und absolvierte in jungen Jahren die D-Lehrgangsreihe auf diesem Instrument. Aufbauend nahm er erfolgreich am C1-Lehrgang teil und dirigierte anschlie\u00dfend bis ins junge Erwachsenenalter verschiedene Jugendorchester (Bekond-Kl\u00fcsserath, Trier-Tarforst, Kenn). W\u00e4hrend des Sammelns dieser ersten Dirigiererfahrungen bildete er sich mit verschiedenen Lehrg\u00e4ngen im Dirigat weiter und \u00fcbernahm mit 21 Jahren zum ersten Mal die Leitung eines Erwachsenenorchesters \u2013 die Feuerwehrkapelle Kl\u00fcsserath, die er bis zu seinem 36 Lebensjahr dirigierte. Zwischenzeitlich war er zus\u00e4tzlich 4 Jahre musikalischer Leiter der Musikvereinigung Bernkastel-Kues.<\/p>\n\n\n\n<figure class=\"wp-block-image size-large is-resized\"><img loading=\"lazy\" decoding=\"async\" width=\"768\" height=\"1024\" src=\"http:\/\/winzerkapelle-ensch.de\/wp-content\/uploads\/2025\/06\/Andreas-1-768x1024.jpg\" alt=\"\" class=\"wp-image-1074\" style=\"width:203px;height:auto\" srcset=\"https:\/\/winzerkapelle-ensch.de\/wp-content\/uploads\/2025\/06\/Andreas-1-768x1024.jpg 768w, https:\/\/winzerkapelle-ensch.de\/wp-content\/uploads\/2025\/06\/Andreas-1-225x300.jpg 225w, https:\/\/winzerkapelle-ensch.de\/wp-content\/uploads\/2025\/06\/Andreas-1-1152x1536.jpg 1152w, https:\/\/winzerkapelle-ensch.de\/wp-content\/uploads\/2025\/06\/Andreas-1.jpg 1200w\" sizes=\"auto, (max-width: 768px) 100vw, 768px\" \/><\/figure>\n\n\n\n<p class=\"has-medium-font-size\">2014-2023<\/p>\n\n\n\n<p class=\"has-medium-font-size\"><strong>Carolin Welter<\/strong><\/p>\n\n\n\n<p>Carolin Welter ist 1997 geboren und wohnt in Mehring. Ihre musikalische Ausbildung begann zuerst auf der Trompete, allerdings entdeckte sie bereits zwei Jahre sp\u00e4ter ihre Liebe zum tiefen Blech. In einer Bl\u00e4serklasse in Trier lernte sie die ersten T\u00f6ne auf der Posaune und im Anschluss an diese nahm sie Einzelunterricht bei Jochen Hofer. Ab der 9. Klasse besuchte Carolin das Landesmusikgymnasium in Montabaur und wurde zu dieser Zeit Jungstudentin in K\u00f6ln bei Ulrich Flad. Als mehrfache erste Bundespreistr\u00e4gerin im Wettbewerb Jugend Musiziert sammelte sie die notwendige Erfahrung, die ihr zum Einstieg f\u00fcr ein Studium der Orchestermusik in Saarbr\u00fccken verhalfen. Begonnen hat sie dieses im Jahr 2017 bei Guilhem Kusnierek und beendet mit dem Bachelor of Music im Jahr 2021. Seit 2022 arbeitet Carolin Welter als Lehrkraft f\u00fcr Posaune und musikalische Fr\u00fcherziehung an der Kreismusikschule Trier-Saarburg.<\/p>\n\n\n<div class=\"wp-block-image\">\n<figure class=\"alignleft size-medium is-resized\"><img loading=\"lazy\" decoding=\"async\" width=\"200\" height=\"300\" src=\"http:\/\/winzerkapelle-ensch.de\/wp-content\/uploads\/2023\/04\/P1040994-200x300.jpg\" alt=\"\" class=\"wp-image-868\" style=\"width:219px;height:auto\" title=\"\" srcset=\"https:\/\/winzerkapelle-ensch.de\/wp-content\/uploads\/2023\/04\/P1040994-200x300.jpg 200w, https:\/\/winzerkapelle-ensch.de\/wp-content\/uploads\/2023\/04\/P1040994-683x1024.jpg 683w, https:\/\/winzerkapelle-ensch.de\/wp-content\/uploads\/2023\/04\/P1040994-768x1151.jpg 768w, https:\/\/winzerkapelle-ensch.de\/wp-content\/uploads\/2023\/04\/P1040994-1025x1536.jpg 1025w, https:\/\/winzerkapelle-ensch.de\/wp-content\/uploads\/2023\/04\/P1040994-1366x2048.jpg 1366w, https:\/\/winzerkapelle-ensch.de\/wp-content\/uploads\/2023\/04\/P1040994-scaled.jpg 1708w\" sizes=\"auto, (max-width: 200px) 100vw, 200px\" \/><\/figure>\n<\/div>","protected":false},"excerpt":{"rendered":"<p>2025 &#8211; heute Andreas M\u00fcller Andreas M\u00fcller ist 1982 in Trier geboren und wohnt im Nachbarort Bekond. Mit 9 Jahren begann er mit der Ausbildung an der Posaune und absolvierte [&hellip;]<\/p>\n","protected":false},"author":1,"featured_media":0,"parent":9,"menu_order":0,"comment_status":"closed","ping_status":"closed","template":"","meta":{"footnotes":""},"class_list":["post-750","page","type-page","status-publish","hentry"],"_links":{"self":[{"href":"https:\/\/winzerkapelle-ensch.de\/index.php?rest_route=\/wp\/v2\/pages\/750","targetHints":{"allow":["GET"]}}],"collection":[{"href":"https:\/\/winzerkapelle-ensch.de\/index.php?rest_route=\/wp\/v2\/pages"}],"about":[{"href":"https:\/\/winzerkapelle-ensch.de\/index.php?rest_route=\/wp\/v2\/types\/page"}],"author":[{"embeddable":true,"href":"https:\/\/winzerkapelle-ensch.de\/index.php?rest_route=\/wp\/v2\/users\/1"}],"replies":[{"embeddable":true,"href":"https:\/\/winzerkapelle-ensch.de\/index.php?rest_route=%2Fwp%2Fv2%2Fcomments&post=750"}],"version-history":[{"count":10,"href":"https:\/\/winzerkapelle-ensch.de\/index.php?rest_route=\/wp\/v2\/pages\/750\/revisions"}],"predecessor-version":[{"id":1075,"href":"https:\/\/winzerkapelle-ensch.de\/index.php?rest_route=\/wp\/v2\/pages\/750\/revisions\/1075"}],"up":[{"embeddable":true,"href":"https:\/\/winzerkapelle-ensch.de\/index.php?rest_route=\/wp\/v2\/pages\/9"}],"wp:attachment":[{"href":"https:\/\/winzerkapelle-ensch.de\/index.php?rest_route=%2Fwp%2Fv2%2Fmedia&parent=750"}],"curies":[{"name":"wp","href":"https:\/\/api.w.org\/{rel}","templated":true}]}}

<p>2025 &#8211; heute</p>



<p class="has-black-color has-text-color has-link-color has-medium-font-size wp-elements-d79d44418226c9268957965c97e4cb7c">Andreas Müller</p>



<p>Andreas Müller ist 1982 in Trier geboren und wohnt im Nachbarort Bekond. Mit 9 Jahren begann er mit der Ausbildung an der Posaune und absolvierte in jungen Jahren die D-Lehrgangsreihe auf diesem Instrument. Aufbauend nahm er erfolgreich am C1-Lehrgang teil und dirigierte anschließend bis ins junge Erwachsenenalter verschiedene Jugendorchester (Bekond-Klüsserath, Trier-Tarforst, Kenn). Während des Sammelns dieser ersten Dirigiererfahrungen bildete er sich mit verschiedenen Lehrgängen im Dirigat weiter und übernahm mit 21 Jahren zum ersten Mal die Leitung eines Erwachsenenorchesters – die Feuerwehrkapelle Klüsserath, die er bis zu seinem 36 Lebensjahr dirigierte. Zwischenzeitlich war er zusätzlich 4 Jahre musikalischer Leiter der Musikvereinigung Bernkastel-Kues.</p>



<figure class="wp-block-image size-large is-resized"><img loading="lazy" decoding="async" width="768" height="1024" src="http://winzerkapelle-ensch.de/wp-content/uploads/2025/06/Andreas-1-768x1024.jpg" alt="" class="wp-image-1074" style="width:203px;height:auto" srcset="https://winzerkapelle-ensch.de/wp-content/uploads/2025/06/Andreas-1-768x1024.jpg 768w, https://winzerkapelle-ensch.de/wp-content/uploads/2025/06/Andreas-1-225x300.jpg 225w, https://winzerkapelle-ensch.de/wp-content/uploads/2025/06/Andreas-1-1152x1536.jpg 1152w, https://winzerkapelle-ensch.de/wp-content/uploads/2025/06/Andreas-1.jpg 1200w" sizes="auto, (max-width: 768px) 100vw, 768px" /></figure>



<p class="has-medium-font-size">2014-2023</p>



<p class="has-medium-font-size"><strong>Carolin Welter</strong></p>



<p>Carolin Welter ist 1997 geboren und wohnt in Mehring. Ihre musikalische Ausbildung begann zuerst auf der Trompete, allerdings entdeckte sie bereits zwei Jahre später ihre Liebe zum tiefen Blech. In einer Bläserklasse in Trier lernte sie die ersten Töne auf der Posaune und im Anschluss an diese nahm sie Einzelunterricht bei Jochen Hofer. Ab der 9. Klasse besuchte Carolin das Landesmusikgymnasium in Montabaur und wurde zu dieser Zeit Jungstudentin in Köln bei Ulrich Flad. Als mehrfache erste Bundespreisträgerin im Wettbewerb Jugend Musiziert sammelte sie die notwendige Erfahrung, die ihr zum Einstieg für ein Studium der Orchestermusik in Saarbrücken verhalfen. Begonnen hat sie dieses im Jahr 2017 bei Guilhem Kusnierek und beendet mit dem Bachelor of Music im Jahr 2021. Seit 2022 arbeitet Carolin Welter als Lehrkraft für Posaune und musikalische Früherziehung an der Kreismusikschule Trier-Saarburg.</p>


<div class="wp-block-image">
<figure class="alignleft size-medium is-resized"><img loading="lazy" decoding="async" width="200" height="300" src="http://winzerkapelle-ensch.de/wp-content/uploads/2023/04/P1040994-200x300.jpg" alt="" class="wp-image-868" style="width:219px;height:auto" title="" srcset="https://winzerkapelle-ensch.de/wp-content/uploads/2023/04/P1040994-200x300.jpg 200w, https://winzerkapelle-ensch.de/wp-content/uploads/2023/04/P1040994-683x1024.jpg 683w, https://winzerkapelle-ensch.de/wp-content/uploads/2023/04/P1040994-768x1151.jpg 768w, https://winzerkapelle-ensch.de/wp-content/uploads/2023/04/P1040994-1025x1536.jpg 1025w, https://winzerkapelle-ensch.de/wp-content/uploads/2023/04/P1040994-1366x2048.jpg 1366w, https://winzerkapelle-ensch.de/wp-content/uploads/2023/04/P1040994-scaled.jpg 1708w" sizes="auto, (max-width: 200px) 100vw, 200px" /></figure>
</div>

<p>2025 &#8211; heute Andreas Müller Andreas Müller ist 1982 in Trier geboren und wohnt im Nachbarort Bekond. Mit 9 Jahren begann er mit der Ausbildung an der Posaune und absolvierte [&hellip;]</p>
