{"id":164,"date":"2017-05-04T13:08:07","date_gmt":"2017-05-04T13:08:07","guid":{"rendered":"http:\/\/winzerkapelle-ensch.de\/?page_id=164"},"modified":"2022-12-06T19:34:44","modified_gmt":"2022-12-06T19:34:44","slug":"blaeserklasse-grundschule-kluesserath","status":"publish","type":"page","link":"https:\/\/winzerkapelle-ensch.de\/?page_id=164","title":{"rendered":"Bl\u00e4serklasse Grundschule Kl\u00fcsserath"},"content":{"rendered":"<p>Ab dem Schuljahr 2017\/18 bietet die Grundschule Kl\u00fcsserath in Kooperation mit der Winzerkapelle Ensch, der Feuerwehrkapelle Kl\u00fcsserath und der Kreismusikschule Trier-Saarburg eine Bl\u00e4serklasse an.<\/p>\n<p><strong>Das Konzept sieht folgendes vor:<\/strong><\/p>\n<p>Die Kinder werden nach Instrumentengruppen (Holz- sowie hohe u. tiefe Blechblasinstrumente) geordnet aufgeteilt und in Kleingruppen unterrichtet. Dadurch lassen sich viele Dinge spielerisch umsetzen. Uns kommt es vor allem darauf an, eine solide musikalische Grundlage mit Blasinstrumenten aufzubauen, so dass die Kinder, die nach der Schulzeit ihr Instrument weiterspielen m\u00f6chten, eine gute Basis erworben haben. Erreicht wird dies durch Atemspiele, Fingerspiele und das eigentliche Spiel auf dem Instrument, angeleitet von Musiklehrern der jeweiligen Instrumentengruppe. Somit ist ein bestm\u00f6glicher Einstieg in das Erlernen des jeweiligen Instrumentes gew\u00e4hrleistet.<\/p>\n<p>Aufgrund dessen bef\u00fcrworten wir auch die Unterteilung in 3 und nicht nur in 2 Gruppen mit entsprechend wenigen Sch\u00fclerzahlen.<\/p>\n<p><strong>Ziel der Bl\u00e4sergruppe:<\/strong><\/p>\n<p>Durch instrumentenspezifischen Fr\u00fch-Instrumentalunterricht werden die Kinder spielerisch und ohne Leistungsdruck an ein Instrument herangef\u00fchrt. Au\u00dferdem soll m\u00f6glichst vielen Kindern die Chance gegeben werden, ein Instrument zu spielen, um so ihre musikalische Neigung zu entdecken.<\/p>\n<p>Besteht nach der Grundschulzeit der Wunsch dieses Instrument weiter zu erlernen, sollte \u00fcber Einzelunterricht bei ausgebildeten Instrumentallehrern nachgedacht werden, um eine optimale Ausbildung am Instrument zu erlangen. Will man ein Instrument gut beherrschen, bedarf es Einzelunterrichts, der in Gruppen nat\u00fcrlich in dieser Form nicht gegeben ist. F\u00fcr das gemeinsame Musizieren unter Gleichaltrigen eignet sich dann ein Verein. Dort erhalten die Kinder das R\u00fcstzeug, um in einem Orchester spielen zu k\u00f6nnen.<\/p>\n<p><strong>Elternarbeit:&nbsp; <\/strong><\/p>\n<p>Wichtig f\u00fcr ein solches Projekt ist die Unterst\u00fctzung der Eltern, die die Kinder auch zum \u00dcben zu Hause animieren sollten. Eine verbindliche Anmeldung f\u00fcr die beiden kommenden Schuljahre ist notwendig um den Fortbestand der Gruppe aus musikalischer aber auch aus finanzieller Hinsicht zu gew\u00e4hrleisten. Ein Ausstieg ist nur bei Wohnungswechsel (Schulwechsel) oder anderen gravierenden Gr\u00fcnden m\u00f6glich.<\/p>\n<p><strong>Kosten:<\/strong><\/p>\n<p>Die Kosten belaufen sich zur Zeit auf 23 \u20ac im Monat. Darin enthalten sind der Gruppenunterricht, die &nbsp;Orchesterstunde und das Instrument als Leihinstrument und Lehrmaterial.<\/p>\n<p>Der Betrag ist eine Mischkalkulation und \u00fcber 2 Jahre gerechnet. Zahlungsmodalit\u00e4ten erhalten alle Teilnehmer separat.<\/p>\n<p><strong>Instrumentenauswahl:&nbsp;&nbsp;&nbsp;&nbsp;&nbsp;&nbsp;&nbsp;&nbsp; <\/strong><\/p>\n<p>Um sich f\u00fcr das richtige Instrument zu entscheiden, gibt es einen Schnuppertag, an dem die Sch\u00fcler alle Instrumente unter fachkundiger Anleitung ausprobieren und drei Instrumentenw\u00fcnsche formulieren d\u00fcrfen. Die Auswahl der Instrumente erfolgt nach Beratung mit den Instrumentallehrern. Dabei werden nicht nur die favorisierten<\/p>\n<p>W\u00fcnsche der Kinder, sondern unter anderem auch die Eignung und das erforderliche Klangverh\u00e4ltnis zwischen Holz- und Blechblasinstrumenten ber\u00fccksichtigt.<\/p>\n<p><strong>Instrumente:&nbsp; <\/strong><\/p>\n<p>Die Instrumente werden von den Musikvereinen als Leihgabe zur Verf\u00fcgung gestellt.<\/p>\n<p><strong>Lehrer:&nbsp;&nbsp;&nbsp;&nbsp;&nbsp;&nbsp;&nbsp;&nbsp;&nbsp; <\/strong><\/p>\n<p>Wir stellen ausgebildete Instrumentallehrer zur Verf\u00fcgung, die auch schon \u00fcber Erfahrung mit Bl\u00e4serklassen verf\u00fcgen. Die Instrumentallehrer sind Lehrer der Kreismusikschule und stehen nach diesem Projekt auch als Lehrer f\u00fcr Einzelunterricht zur Verf\u00fcgung.<\/p>\n<p><strong>Orchester:&nbsp;&nbsp;&nbsp;&nbsp;&nbsp; <\/strong><\/p>\n<p>Ein ganz wichtiger Punkt beim Erlernen eines Instrumentes ist das Zusammenspiel mit anderen Kindern. Neben dem \u201eSpa\u00dffaktor\u201c werden hierbei spielerisch noch viele andere Kompetenzen gest\u00e4rkt (Zuh\u00f6ren, Geduld, R\u00fccksicht). Daher ist es uns ein Anliegen, das Projekt so zu gestalten, dass nach einer gewissen Zeit der Instrumentalausbildung in den einzelnen Gruppen, diese zu einem kleinen Orchester zusammengef\u00fchrt werden (im zweiten Unterrichtshalbjahr).<\/p>\n<p>F\u00fcr weitere Informationen wenden Sie sich an unsern Vorstand unter <em><a href=\"mailto:info@winzerkapelle-ensch.de\">info@winzerkapelle-ensch.de<\/a>.<\/em><\/p>\n","protected":false},"excerpt":{"rendered":"<p>Ab dem Schuljahr 2017\/18 bietet die Grundschule Kl\u00fcsserath in Kooperation mit der Winzerkapelle Ensch, der Feuerwehrkapelle Kl\u00fcsserath und der Kreismusikschule Trier-Saarburg eine Bl\u00e4serklasse an. Das Konzept sieht folgendes vor: Die [&hellip;]<\/p>\n","protected":false},"author":1,"featured_media":0,"parent":755,"menu_order":2,"comment_status":"closed","ping_status":"closed","template":"","meta":{"footnotes":""},"class_list":["post-164","page","type-page","status-publish","hentry"],"_links":{"self":[{"href":"https:\/\/winzerkapelle-ensch.de\/index.php?rest_route=\/wp\/v2\/pages\/164","targetHints":{"allow":["GET"]}}],"collection":[{"href":"https:\/\/winzerkapelle-ensch.de\/index.php?rest_route=\/wp\/v2\/pages"}],"about":[{"href":"https:\/\/winzerkapelle-ensch.de\/index.php?rest_route=\/wp\/v2\/types\/page"}],"author":[{"embeddable":true,"href":"https:\/\/winzerkapelle-ensch.de\/index.php?rest_route=\/wp\/v2\/users\/1"}],"replies":[{"embeddable":true,"href":"https:\/\/winzerkapelle-ensch.de\/index.php?rest_route=%2Fwp%2Fv2%2Fcomments&post=164"}],"version-history":[{"count":6,"href":"https:\/\/winzerkapelle-ensch.de\/index.php?rest_route=\/wp\/v2\/pages\/164\/revisions"}],"predecessor-version":[{"id":757,"href":"https:\/\/winzerkapelle-ensch.de\/index.php?rest_route=\/wp\/v2\/pages\/164\/revisions\/757"}],"up":[{"embeddable":true,"href":"https:\/\/winzerkapelle-ensch.de\/index.php?rest_route=\/wp\/v2\/pages\/755"}],"wp:attachment":[{"href":"https:\/\/winzerkapelle-ensch.de\/index.php?rest_route=%2Fwp%2Fv2%2Fmedia&parent=164"}],"curies":[{"name":"wp","href":"https:\/\/api.w.org\/{rel}","templated":true}]}}