{"id":12,"date":"2016-04-03T13:27:19","date_gmt":"2016-04-03T13:27:19","guid":{"rendered":"http:\/\/winzerkapelle-ensch.de\/?page_id=12"},"modified":"2026-02-27T09:58:33","modified_gmt":"2026-02-27T09:58:33","slug":"chronik","status":"publish","type":"page","link":"https:\/\/winzerkapelle-ensch.de\/?page_id=12","title":{"rendered":"Chronik"},"content":{"rendered":"<div class=\"wp-block-image is-style-default\">\n<figure class=\"aligncenter\"><a href=\"http:\/\/winzerkapelle-ensch.de\/wp-content\/uploads\/2018\/04\/Musikverein-1958-006.jpg\"><img loading=\"lazy\" decoding=\"async\" width=\"2848\" height=\"2136\" src=\"http:\/\/winzerkapelle-ensch.de\/wp-content\/uploads\/2018\/04\/Musikverein-1958-006.jpg\" alt=\"\" class=\"wp-image-289\" srcset=\"https:\/\/winzerkapelle-ensch.de\/wp-content\/uploads\/2018\/04\/Musikverein-1958-006.jpg 2848w, https:\/\/winzerkapelle-ensch.de\/wp-content\/uploads\/2018\/04\/Musikverein-1958-006-300x225.jpg 300w, https:\/\/winzerkapelle-ensch.de\/wp-content\/uploads\/2018\/04\/Musikverein-1958-006-768x576.jpg 768w, https:\/\/winzerkapelle-ensch.de\/wp-content\/uploads\/2018\/04\/Musikverein-1958-006-1024x768.jpg 1024w\" sizes=\"auto, (max-width: 2848px) 100vw, 2848px\" \/><\/a><\/figure>\n<\/div>\n\n\n<p><span style=\"font-size: 10.5pt; font-family: 'Arial',sans-serif;\">Die Musikvereinigung \u201eWinzerkapelle Ensch\u201c wurde am 15.Januar 1958 aus der Taufe gehoben. Bei der Gr\u00fcndung z\u00e4hlte der Verein 24 aktive und sechs inaktive Mitglieder. Nach nur sechsw\u00f6chiger Probenarbeit konnte der erste \u00f6ffentliche Auftritt am \u201eWei\u00dfen Sonntag\u201c des Jahres 1958 absolviert werden.<\/span><\/p>\n\n\n\n<p><span style=\"font-size: 10.5pt; font-family: 'Arial',sans-serif;\">Die ersten Jahre erforderten von den Musikern viel Engagement und Idealismus. Insbesondere der Kauf von Instrumenten war sehr kostspielig und konnte nur \u00fcber Geld- und Mostspenden finanziert werden. Als Schicksalsjahr erwies sich das Jahr 1962, in dem der Verein zu zerbrechen drohte und die Probent\u00e4tigkeit rund ein Jahr ruhte.<\/span><\/p>\n\n\n\n<p><span style=\"font-size: 10.5pt; font-family: 'Arial',sans-serif;\">1963 nahm der Verein seine T\u00e4tigkeit wieder auf und hatte zu diesem Zeitpunkt nur noch 14 aktive Spieler und zehn neu eingetretene Nachwuchsmusiker. Von diesem Zeitpunkt an ging es mit der Winzerkapelle Ensch wieder aufw\u00e4rts.<\/span><\/p>\n\n\n\n<p><span style=\"font-size: 10.5pt; font-family: 'Arial',sans-serif;\">In den 70er Jahren wurde eine enge Verbindung zum MGV Bobenthal aufgebaut. Ergebnis waren Freundschaften, Ehen und feucht-fr\u00f6hliche Besuche in der Pfalz. Das 25-j\u00e4hrige Jubil\u00e4umsfest im Jahr 1983 wurde ausgiebig gefeiert. Der von der damaligen Jugend organisierte Disco-Abend war ein voller Erfolg.<\/span><\/p>\n\n\n<div class=\"wp-block-image\">\n<figure class=\"aligncenter\"><img loading=\"lazy\" decoding=\"async\" width=\"1024\" height=\"661\" src=\"http:\/\/winzerkapelle-ensch.de\/wp-content\/uploads\/2016\/04\/1978-1024x661.jpg\" alt=\"1978\" class=\"wp-image-13\" srcset=\"https:\/\/winzerkapelle-ensch.de\/wp-content\/uploads\/2016\/04\/1978-1024x661.jpg 1024w, https:\/\/winzerkapelle-ensch.de\/wp-content\/uploads\/2016\/04\/1978-300x194.jpg 300w, https:\/\/winzerkapelle-ensch.de\/wp-content\/uploads\/2016\/04\/1978-768x495.jpg 768w, https:\/\/winzerkapelle-ensch.de\/wp-content\/uploads\/2016\/04\/1978.jpg 1313w\" sizes=\"auto, (max-width: 1024px) 100vw, 1024px\" \/><\/figure>\n<\/div>\n\n\n<p class=\"has-text-align-center\">Die Winzerkapelle Ensch 1978<\/p>\n\n\n\n<p>Auf einer Vereinsfahrt an den Gardasee im Fr\u00fchjahr 1984 haben die Teilnehmer die Trinkfestigkeit der Moselaner eindrucksvoll unter Beweis gestellt. Musikalisch hat man sich in diesen Jahren auf eine leichte Unterhaltungsmusik konzentriert. \u201eJetzt trink\u2018 ma noch a Flascherl Wein\u201c wurde auch au\u00dferhalb der 5. Jahreszeit bei vielen Gelegenheiten zu Geh\u00f6r gebracht.<\/p>\n\n\n\n<p>Ein letzter Besuch in Bobenthal im Jahr 1995 hat erneut einige Anekdoten generiert, deren Einzelheiten nicht druckf\u00e4hig waren, jedoch in feuchtfr\u00f6hlichen Runden immer wieder gerne erz\u00e4hlt werden.<\/p>\n\n\n\n<p>Die musikalische Qualit\u00e4t und personelle St\u00e4rke der Winzerkapelle Ensch war immer wieder Schwankungen ausgesetzt. Mit einer personellen Bandbreite von 17-35 Spielern wurden alle H\u00f6hen und Tiefen eines Vereinslebens mitgemacht.<\/p>\n\n\n\n<p>Von 1998 bis 2002 hatte die Winzerkapelle Ensch wohl die mitglieder- st\u00e4rksten Jahre. Unvergesslich sind&nbsp;die Auftritte&nbsp;am&nbsp;Weihnachtskonzert, an dem St\u00fccke wie Jesus Christ Superstar und&nbsp;Slovenia mit standing ovations des Publikums belohnt wurden.<\/p>\n\n\n\n<figure class=\"wp-block-image\"><img loading=\"lazy\" decoding=\"async\" width=\"995\" height=\"398\" src=\"http:\/\/winzerkapelle-ensch.de\/wp-content\/uploads\/2016\/04\/1998.png\" alt=\"1998\" class=\"wp-image-14\" srcset=\"https:\/\/winzerkapelle-ensch.de\/wp-content\/uploads\/2016\/04\/1998.png 995w, https:\/\/winzerkapelle-ensch.de\/wp-content\/uploads\/2016\/04\/1998-300x120.png 300w, https:\/\/winzerkapelle-ensch.de\/wp-content\/uploads\/2016\/04\/1998-768x307.png 768w\" sizes=\"auto, (max-width: 995px) 100vw, 995px\" \/><\/figure>\n\n\n\n<p class=\"has-text-align-center\">Die Winzerkapelle Ensch 1998<\/p>\n\n\n\n<p>Das Jahr 2004 brachte einschneidende Ver\u00e4nderungen. Meinungsverschiedenheiten f\u00fchrten zum R\u00fccktritt des gesamten Vorstands. Parallel traten einige Musiker aus dem Verein aus.<\/p>\n\n\n\n<p>Ein Wechsel des Vereinslokals im Jahr 2007 f\u00fchrte zu weiteren Austritten, so dass die Winzerkapelle bis zum Jahr 2011 auf 15 Musiker schrumpfte und kurz vor dem Aus stand.<\/p>\n\n\n<div class=\"wp-block-image\">\n<figure class=\"aligncenter\"><a href=\"http:\/\/winzerkapelle-ensch.de\/wp-content\/uploads\/2022\/01\/IMG_8226-scaled-e1641995329192.jpg\"><img loading=\"lazy\" decoding=\"async\" width=\"2560\" height=\"1241\" src=\"http:\/\/winzerkapelle-ensch.de\/wp-content\/uploads\/2022\/01\/IMG_8226-scaled-e1641995329192.jpg\" alt=\"\" class=\"wp-image-585\" srcset=\"https:\/\/winzerkapelle-ensch.de\/wp-content\/uploads\/2022\/01\/IMG_8226-scaled-e1641995329192.jpg 2560w, https:\/\/winzerkapelle-ensch.de\/wp-content\/uploads\/2022\/01\/IMG_8226-scaled-e1641995329192-300x145.jpg 300w, https:\/\/winzerkapelle-ensch.de\/wp-content\/uploads\/2022\/01\/IMG_8226-scaled-e1641995329192-1024x496.jpg 1024w, https:\/\/winzerkapelle-ensch.de\/wp-content\/uploads\/2022\/01\/IMG_8226-scaled-e1641995329192-768x372.jpg 768w, https:\/\/winzerkapelle-ensch.de\/wp-content\/uploads\/2022\/01\/IMG_8226-scaled-e1641995329192-1536x745.jpg 1536w, https:\/\/winzerkapelle-ensch.de\/wp-content\/uploads\/2022\/01\/IMG_8226-scaled-e1641995329192-2048x993.jpg 2048w\" sizes=\"auto, (max-width: 2560px) 100vw, 2560px\" \/><\/a><figcaption class=\"wp-element-caption\">Die Winzerkapelle Ensch 2008<\/figcaption><\/figure>\n<\/div>\n\n\n<p>Durch gro\u00dfes Engagement der Mitglieder und des Vorstands gelang es, neue Musiker f\u00fcr den Verein zu gewinnen, sowie Kinder und Jugendliche f\u00fcr die Blasmusik zu begeistern. Mit der Gr\u00fcndung des Jugendorchesters im Jahr 2012 konnte die Winzerkapelle die Ausbildung der Jugendlichen weiter verbessern, um diese zielgerichtet in die Kapelle zu integrieren.<\/p>\n\n\n\n<p>Seit M\u00e4rz 2014 steht die Winzerkapelle unter neuer musikalischer Leitung und blickte mit seinen damals 22 aktiven Musikern und den noch in der Ausbildung befindlichen Nachwuchsmusikern in eine positive Zukunft. Ein erstes Ausrufezeichen konnte am Weihnachtskonzert 2014 durch die Auff\u00fchrung des Musicals- Medleys: \u201eHighlights from Evita\u201c gesetzt werden.<\/p>\n\n\n\n<figure class=\"wp-block-image\"><img loading=\"lazy\" decoding=\"async\" width=\"1500\" height=\"499\" src=\"http:\/\/winzerkapelle-ensch.de\/wp-content\/uploads\/2016\/04\/cropped-Youtube.png_neu.jpg\" alt=\"cropped-Youtube.png_neu.jpg\" class=\"wp-image-7\" srcset=\"https:\/\/winzerkapelle-ensch.de\/wp-content\/uploads\/2016\/04\/cropped-Youtube.png_neu.jpg 1500w, https:\/\/winzerkapelle-ensch.de\/wp-content\/uploads\/2016\/04\/cropped-Youtube.png_neu-300x100.jpg 300w, https:\/\/winzerkapelle-ensch.de\/wp-content\/uploads\/2016\/04\/cropped-Youtube.png_neu-768x255.jpg 768w, https:\/\/winzerkapelle-ensch.de\/wp-content\/uploads\/2016\/04\/cropped-Youtube.png_neu-1024x341.jpg 1024w\" sizes=\"auto, (max-width: 1500px) 100vw, 1500px\" \/><\/figure>\n\n\n\n<p class=\"has-text-align-center\">Die Winzerkapelle Ensch 2014<\/p>\n\n\n\n<p>Auch in den folgenden Jahren stand die Jugendarbeit bei der Winzerkapelle im Vordergrund. So konnte im Jahr 2017 in Kooperation mit der Feuerwehrkapelle Kl\u00fcsserath in der Grundschule Kl\u00fcsserath eine Bl\u00e4ser-AG eingerichtet werden. Auch musikalisch ging der Aufschwung weiter, die Winzerkapelle Ensch besteht nun aus 26 aktiven Musikern.<\/p>\n\n\n\n<p>Die Mitwirkung bei den Weihnachtskonzerten stellt seit vielen Jahren das musikalische Highlight des Jahres dar. Mit St\u00fccken wie Ross Roy, Virginia oder Les Mis\u00e9rables konnte die Winzerkapelle Literatur zu Geh\u00f6r bringen, die man ihr in fr\u00fcheren Jahren niemals zugetraut h\u00e4tte.<\/p>\n\n\n\n<p>Das Jahr 2018 stand ganz im Zeichen des 60-j\u00e4hrigen Jubil\u00e4ums. Nach langer Zeit gab es wieder eine Vereinsfahrt, die die Musiker nach Guldental f\u00fchrte. Das Jubil\u00e4umsfest im Sommer bildet den H\u00f6hepunkt der Feierlichkeiten, ehe das Jahr traditionell mit dem Weihnachtskonzert ausklang.<\/p>\n\n\n<div class=\"wp-block-image\">\n<figure class=\"aligncenter\"><a href=\"http:\/\/winzerkapelle-ensch.de\/wp-content\/uploads\/2017\/07\/Foto.jpg\"><img loading=\"lazy\" decoding=\"async\" width=\"4216\" height=\"1928\" src=\"http:\/\/winzerkapelle-ensch.de\/wp-content\/uploads\/2017\/07\/Foto.jpg\" alt=\"\" class=\"wp-image-212\" srcset=\"https:\/\/winzerkapelle-ensch.de\/wp-content\/uploads\/2017\/07\/Foto.jpg 4216w, https:\/\/winzerkapelle-ensch.de\/wp-content\/uploads\/2017\/07\/Foto-300x137.jpg 300w, https:\/\/winzerkapelle-ensch.de\/wp-content\/uploads\/2017\/07\/Foto-768x351.jpg 768w, https:\/\/winzerkapelle-ensch.de\/wp-content\/uploads\/2017\/07\/Foto-1024x468.jpg 1024w\" sizes=\"auto, (max-width: 4216px) 100vw, 4216px\" \/><\/a><\/figure>\n<\/div>\n\n\n<p class=\"has-text-align-center\">Die Winzerkapelle Ensch 2018<\/p>\n\n\n\n<p>Im Jahr 2019 stand die Jugendarbeit weiter im Vordergrund. Das Jugendorchester umfasste mittlerweile 18 Kinder und Jugendliche und mit 10 Kindern in der Instrumentalausbildung schien die Zukunft gesichert. Im Sommer gab es eine Vereinsfahrt nach Heilbronn, wo die Winzerkapelle auf der Bundesgartenschau spielte. Mit dem Auftritt am Oktoberfest in Wittlich endete ein aufregender Sommer f\u00fcr die Musiker. <\/p>\n\n\n\n<p>2020 startete vielversprechend f\u00fcr die Winzerkapelle Ensch. Nach langer Planung konnte eine Musikalische Fr\u00fcherziehung ins Leben gerufen werden. Auch die geplanten Auftritte bei den Heilig-Rock-Tagen in Trier, auf dem Oktoberfest in Wittlich oder unsere Vereinsfahrt in den Kaiserstuhl machten Lust auf mehr. Dann aber machte die Corona-Krise der Winzerkapelle einen Strich durch die Rechnung. Im M\u00e4rz mussten wir die Probearbeit einstellen und dar\u00fcber hinaus wurden alle Auftritte und unser Weinfest abgesagt. Im Juli konnte die Probearbeit unter strengen Auflagen wieder starten. Zeitweise mussten die Proben drau\u00dfen mit gro\u00dfem Abstand zwischen den Musikern durchgef\u00fchrt werden. Durch das kreative Denken im Vorstand konnte f\u00fcr das Konzert am 06.09.2020 ein geeignetes Hygienekonzept erstellt werden, so dass dieses durchgef\u00fchrt werden durfte und als kleiner Lichtblick in dieser Pandemie viel Freude bereitete.<\/p>\n\n\n<div class=\"wp-block-image\">\n<figure class=\"aligncenter\"><a href=\"http:\/\/winzerkapelle-ensch.de\/wp-content\/uploads\/2020\/09\/16092020_1-scaled-e1600266767822.jpg\"><img loading=\"lazy\" decoding=\"async\" width=\"2560\" height=\"996\" src=\"http:\/\/winzerkapelle-ensch.de\/wp-content\/uploads\/2020\/09\/16092020_1-scaled-e1600266767822.jpg\" alt=\"\" class=\"wp-image-446\" srcset=\"https:\/\/winzerkapelle-ensch.de\/wp-content\/uploads\/2020\/09\/16092020_1-scaled-e1600266767822.jpg 2560w, https:\/\/winzerkapelle-ensch.de\/wp-content\/uploads\/2020\/09\/16092020_1-scaled-e1600266767822-300x117.jpg 300w, https:\/\/winzerkapelle-ensch.de\/wp-content\/uploads\/2020\/09\/16092020_1-scaled-e1600266767822-1024x398.jpg 1024w, https:\/\/winzerkapelle-ensch.de\/wp-content\/uploads\/2020\/09\/16092020_1-scaled-e1600266767822-768x299.jpg 768w, https:\/\/winzerkapelle-ensch.de\/wp-content\/uploads\/2020\/09\/16092020_1-scaled-e1600266767822-1536x598.jpg 1536w, https:\/\/winzerkapelle-ensch.de\/wp-content\/uploads\/2020\/09\/16092020_1-scaled-e1600266767822-2048x797.jpg 2048w\" sizes=\"auto, (max-width: 2560px) 100vw, 2560px\" \/><\/a><\/figure>\n<\/div>\n\n\n<p class=\"has-text-align-center\">Die Winzerkapelle Ensch 2020<\/p>\n\n\n\n<p>Mit dem Projekt \u201eEine Lesical Wintergeschichte\u201c startete die Winzerkapelle Ensch 2021 in Kooperation mit der Winzerkapelle Mehring ein einzigartiges Jugendprojekt. 40 Kinder und Jugendliche hatten die M\u00f6glichkeit, ein halbes Jahr kostenlos ein Instrument zu erlernen. Nach dem Projekt machten 30 Kinder im neu gegr\u00fcndeten Jugendprojektorchester Ensch-Mehring weiter. Auch f\u00fcr die Winzerkapelle brachte das Jahr 2021 eine Ver\u00e4nderung mit sich, da sich die Dirigentin f\u00fcr ein halbes Jahr in Mutterschutz begab. Mit Jochen Hofer konnten sich die Musiker damals optimal auf das Weihnachtskonzert vorbereiten. Leider konnte das Konzert aufgrund von Corona nur in digitaler Form stattfinden. <\/p>\n\n\n\n<p>2022 normalisierte sich alles wieder ein wenig. Am 06. Juni fand ein Gemeinschaftskonzert mit der Winzerkapelle Mehring statt. Auch auf den Weinfesten im Sommer konnten wieder Auftritte gespielt werden. Im Juli veranstaltete die Winzerkapelle das Weinfest in Ensch. Ein musikalischer H\u00f6hepunkt des Weinfestes war das Konzert des Landespolizeiorchesters RLP mit einem Solost\u00fcck unserer Dirigentin Carolin Welter. Das Jahr endete klassisch mit unserem Weihnachtskonzert am 26. Dezember<\/p>\n\n\n\n<figure class=\"wp-block-image size-large\"><img loading=\"lazy\" decoding=\"async\" width=\"1024\" height=\"576\" src=\"http:\/\/winzerkapelle-ensch.de\/wp-content\/uploads\/2023\/04\/P1040968-1024x576.jpg\" alt=\"65-Jahre WInzerkapelle Ensch  - 2023\" class=\"wp-image-877\" title=\"65-Jahre WInzerkapelle Ensch  - 2023\" srcset=\"https:\/\/winzerkapelle-ensch.de\/wp-content\/uploads\/2023\/04\/P1040968-1024x576.jpg 1024w, https:\/\/winzerkapelle-ensch.de\/wp-content\/uploads\/2023\/04\/P1040968-300x169.jpg 300w, https:\/\/winzerkapelle-ensch.de\/wp-content\/uploads\/2023\/04\/P1040968-768x432.jpg 768w, https:\/\/winzerkapelle-ensch.de\/wp-content\/uploads\/2023\/04\/P1040968-1536x864.jpg 1536w, https:\/\/winzerkapelle-ensch.de\/wp-content\/uploads\/2023\/04\/P1040968-2048x1152.jpg 2048w\" sizes=\"auto, (max-width: 1024px) 100vw, 1024px\" \/><\/figure>\n\n\n\n<p class=\"has-text-align-center\">65-Jahre Winzerkapelle Ensch &#8211; 2023<\/p>\n\n\n\n<p>Chronik der Vorsitzenden der Winzerkapelle Ensch<\/p>\n\n\n\n<figure class=\"wp-block-table is-style-stripes\"><table><tbody><tr><td><strong>JAHR<\/strong><\/td><td><strong>1.VORSITZENDER<\/strong><\/td><\/tr><tr><td>1958 &#8211; 1968<\/td><td>Matthias Kr\u00e4mer<\/td><\/tr><tr><td>1968 &#8211; 1972<\/td><td>Horst Otto<\/td><\/tr><tr><td>1972 &#8211; 1983<\/td><td>Alois Blesius<\/td><\/tr><tr><td>1983 &#8211; 1987<\/td><td>Hans Esch<\/td><\/tr><tr><td>1987 &#8211; 1991<\/td><td>Peter Dewans<\/td><\/tr><tr><td>1991 &#8211; 1993<\/td><td>Johann Schweistahl<\/td><\/tr><tr><td>1993 &#8211; 2001<\/td><td>Klaus-J\u00fcrgen Schr\u00f6der<\/td><\/tr><tr><td>2001 &#8211; 2004<\/td><td>Jutta Lex<\/td><\/tr><tr><td>2004 &#8211; 2013<\/td><td>Klaus-J\u00fcrgen Schr\u00f6der<\/td><\/tr><tr><td>2013 &#8211; 2026<\/td><td>Matthias Otto<\/td><\/tr><tr><td>2026 &#8211; heute<\/td><td>Andreas Welter <\/td><\/tr><\/tbody><\/table><\/figure>\n\n\n\n<p><\/p>\n\n\n\n<p>Chronik der Dirigenten der Winzerkapelle Ensch<\/p>\n\n\n\n<figure class=\"wp-block-table is-style-stripes\"><table><tbody><tr><td><strong>JAHR<\/strong><\/td><td><strong>DIRIGENTEN<\/strong><\/td><\/tr><tr><td>1958 &#8211; 1961<\/td><td>Paul Clemens (Trier)<\/td><\/tr><tr><td>1961 &#8211; 1962<\/td><td>Knauf (Neumagen)<\/td><\/tr><tr><td>1962 &#8211; 1962<\/td><td>Metzdorf (Mehring)<\/td><\/tr><tr><td>1963 &#8211; 1977<\/td><td>Anton Bolling (Filzen)<\/td><\/tr><tr><td>1977 &#8211; 1981<\/td><td>Johann Schweistahl (Ensch)<\/td><\/tr><tr><td>1981 &#8211; 1985<\/td><td>Ernst Blesius (Mehring)<\/td><\/tr><tr><td>1985 &#8211; 1988<\/td><td>Franz Thielen (Neumangen)<\/td><\/tr><tr><td>1989 &#8211; 1989<\/td><td>Antonius Nachtsheim<\/td><\/tr><tr><td>1989 &#8211; 1991<\/td><td>Johann Schweistahl (Ensch)<\/td><\/tr><tr><td>1991 &#8211; 1999<\/td><td>Reinard Lehnertz (Spangdahlem)<\/td><\/tr><tr><td>1999 &#8211; 2012<\/td><td>Johann Schweistahl (Ensch)<\/td><\/tr><tr><td>2014 \u2013 06\/2021<\/td><td>Carolin Welter (Mehring)<\/td><\/tr><tr><td>06\/2021 \u2013 12\/2021<\/td><td>Jochen Hofer (Hetzerath)<\/td><\/tr><tr><td>2022 \u2013 2024<\/td><td>Carolin Welter (Mehring)<\/td><\/tr><tr><td>2025 \u2013 heute<\/td><td>Andreas M\u00fcller (Bekond)<\/td><\/tr><\/tbody><\/table><\/figure>\n\n\n\n<p><\/p>\n","protected":false},"excerpt":{"rendered":"<p>Die Musikvereinigung \u201eWinzerkapelle Ensch\u201c wurde am 15.Januar 1958 aus der Taufe gehoben. Bei der Gr\u00fcndung z\u00e4hlte der Verein 24 aktive und sechs inaktive Mitglieder. Nach nur sechsw\u00f6chiger Probenarbeit konnte der [&hellip;]<\/p>\n","protected":false},"author":1,"featured_media":0,"parent":9,"menu_order":2,"comment_status":"closed","ping_status":"closed","template":"","meta":{"footnotes":""},"class_list":["post-12","page","type-page","status-publish","hentry"],"_links":{"self":[{"href":"https:\/\/winzerkapelle-ensch.de\/index.php?rest_route=\/wp\/v2\/pages\/12","targetHints":{"allow":["GET"]}}],"collection":[{"href":"https:\/\/winzerkapelle-ensch.de\/index.php?rest_route=\/wp\/v2\/pages"}],"about":[{"href":"https:\/\/winzerkapelle-ensch.de\/index.php?rest_route=\/wp\/v2\/types\/page"}],"author":[{"embeddable":true,"href":"https:\/\/winzerkapelle-ensch.de\/index.php?rest_route=\/wp\/v2\/users\/1"}],"replies":[{"embeddable":true,"href":"https:\/\/winzerkapelle-ensch.de\/index.php?rest_route=%2Fwp%2Fv2%2Fcomments&post=12"}],"version-history":[{"count":22,"href":"https:\/\/winzerkapelle-ensch.de\/index.php?rest_route=\/wp\/v2\/pages\/12\/revisions"}],"predecessor-version":[{"id":1116,"href":"https:\/\/winzerkapelle-ensch.de\/index.php?rest_route=\/wp\/v2\/pages\/12\/revisions\/1116"}],"up":[{"embeddable":true,"href":"https:\/\/winzerkapelle-ensch.de\/index.php?rest_route=\/wp\/v2\/pages\/9"}],"wp:attachment":[{"href":"https:\/\/winzerkapelle-ensch.de\/index.php?rest_route=%2Fwp%2Fv2%2Fmedia&parent=12"}],"curies":[{"name":"wp","href":"https:\/\/api.w.org\/{rel}","templated":true}]}}